List the prime factors of n.
2, 5, 11
Suppose -5*l - 25 = -q, 8*q - l = 7*q + 25. Suppose q*a - 2450 = 15*a. List the prime factors of a.
5, 7
Let i(y) = -7243*y + 1434. What are the prime factors of i(-3)?
3, 7, 1103
Suppose 11*x = 1017 - 82. Let w = 77 - x. List the prime factors of (2/w)/(2/(-232)).
29
Let n(c) = 7*c + 8*c**2 + 3*c**2 + 5*c**2 - 3*c - 7. What are the prime factors of n(5)?
7, 59
Let q(j) = j**3 + 7*j**2 + 4*j - 4. Let m be q(-6). Suppose 16*h - m = 12*h. Suppose -5*z - 4*f + h + 33 = 0, 0 = -f + 5. List the prime factors of z.
3
Let a = 69 + -65. Let c(k) = -k - 7. Let o be c(-10). Suppose -t = o*j - 424, a*j - 3*t - 830 + 243 = 0. List the prime factors of j.
11, 13
Suppose -4*v + 92 = f, -4*v - f + 84 = -2*f. Suppose l + 20 = v. Suppose -l*m + 0*m - 10 = 0, 4*q + m - 699 = 0. What are the prime factors of q?
2, 11
Suppose 0 = 3*o - 0*o - 42. Let g(u) = -o - 3*u + 0 - 102*u**2 + 104*u**2. What are the prime factors of g(6)?
2, 5
Let h be 4/6 + 706/3. Let s be -136 - (15 - (3 - -11)). Let a = s + h. What are the prime factors of a?
3, 11
Let b be (4/(-3))/((-5)/15). Suppose -q = -3*l + b, -5*l + 25 = 2*q - 0*l. Let k(r) = r**2 + 2*r + 22. What are the prime factors of k(q)?
3, 19
Let l be (-2)/(-4)*(17 - -1). Suppose -20 = -3*j - 4*c, -4*j + 49 = 2*c + l. Let s(f) = f**3 - 11*f**2 - 12*f + 19. What are the prime factors of s(j)?
19
Let w(y) = -205*y - 1289. List the prime factors of w(-43).
2, 53, 71
Let n(h) be the first derivative of -h**4/4 + 2*h**2 + 237*h - 125. List the prime factors of n(0).
3, 79
Let s(w) = 609*w**2 + 52*w - 212. List the prime factors of s(8).
2, 3, 5, 653
Suppose -3*k + 9*p + 14092 = 5*p, -4*k + 5*p = -18789. What are the prime factors of k?
2, 587
Let c(m) = -874*m - 3199. List the prime factors of c(-25).
3, 6217
Let x(d) = -10*d + 128. Let b be x(13). What are the prime factors of 54 + (b/(-5))/((-3)/30)?
2, 5
List the prime factors of 38/(-247) - (-1080864)/117.
2, 31, 149
Suppose -7159391 - 3333013 = -206*l. List the prime factors of l.
2, 3, 13, 653
Let k = 8332 - -2783. What are the prime factors of k?
3, 5, 13, 19
Let w(x) = -29*x + 80. Let v be w(-7). Let f = v - 52. List the prime factors of f.
3, 7, 11
Suppose 608*l + 35742 = 2*u + 612*l, 2*u - 4*l - 35742 = 0. List the prime factors of u.
3, 7, 23, 37
Let c(h) = 28*h + 1554. What are the prime factors of c(-35)?
2, 7, 41
Let u(s) = 3*s**2 - 149*s - 1715. What are the prime factors of u(126)?
7, 3877
Let u = 38 + -30. Let s(t) = t**3 - 7*t + 12. What are the prime factors of s(u)?
2, 3, 13
Let y(n) = 7*n + 20. Let o be y(-3). List the prime factors of o/((-1)/(-22))*(124 + -132).
2, 11
Let x(k) = -231*k + 6577. What are the prime factors of x(0)?
6577
Let i be 6/(-4) - 104/(-16). Suppose 3*u - 4*m = -4, u - i*m + 12 = -u. Suppose u*q - 486 = 2*y, -5*y = 5*q - 0*y - 630. List the prime factors of q.
3, 41
Let z(p) be the third derivative of p**5/30 - 3*p**4/4 - 11*p**3/2 + 2*p**2 + 94*p. What are the prime factors of z(-15)?
3, 229
Let b(y) = 1946*y**2 - 99*y + 196. List the prime factors of b(2).
2, 3, 1297
Let l be (-18)/15*(-1)/(-2)*-10. Let o be (-1)/(-3) + 1216/l. Let n = o - 35. What are the prime factors of n?
2, 3, 7
Let j(o) = 12*o + 47. Let f = -19 + 31. What are the prime factors of j(f)?
191
Let p = -2186 - -4933. List the prime factors of p.
41, 67
Suppose 4*k - 36*k = -1696. Let s = k + 138. What are the prime factors of s?
191
Let j(y) = -2*y**3 - 39*y**2 - 20*y - 4. Let n be j(-19). Let p(a) = -a**2 + 62*a - 55. What are the prime factors of p(n)?
2, 5, 13
Suppose 9*c = -7 + 43. Let n be 2/c*(24 + 4/2). Suppose -n*k + 7*k + 1086 = 0. What are the prime factors of k?
181
Let o be 2*(1 - (-33)/(-6)). Let t(a) be the second derivative of -11*a**3/6 - 19*a**2 + a. List the prime factors of t(o).
61
Let v = 8536 + -5905. List the prime factors of v.
3, 877
Let z(g) = 41*g**2 + 8*g - 82. Let y be z(-11). Suppose f - 1243 - 346 = 3*l, -3*f + l = -y. What are the prime factors of f?
2, 17, 47
Let f be 6*(-6 + 12 - 4). Suppose 7160 = f*w + 1184. What are the prime factors of w?
2, 3, 83
Let c(r) = r**2 - 11*r + 18. Let w be c(11). Suppose -23*o + w*o = -440. Let l = 195 - o. What are the prime factors of l?
107
Let q(y) = 3*y**2 - 31. Let w be q(0). What are the prime factors of (2 + -3)/(w/29078)?
2, 7, 67
Suppose 0 = -3*f + 2*u - 1015, 852 = -4*f - 5*u - 532. Let v = f - -954. What are the prime factors of v?
613
Suppose -2*z - 6 + 4 = 0. What are the prime factors of 2/(3 + z + (-16)/9)?
3
Suppose b - 105256 = -9*y, 46784 = 4*y - 2*b + 6*b. List the prime factors of y.
5, 2339
Let a be (-3)/4 - 1158/(-8). Suppose 4*i - y + a = 399, 129 = 2*i - y. Let w = i + -22. What are the prime factors of w?
41
What are the prime factors of (19 + 8 - (1 + -1))*(-4090)/(-15)?
2, 3, 409
Let d = 70 + -119. Suppose -212*w - 3*h = -214*w + 90, -w = -2*h - 42. Let n = w + d. List the prime factors of n.
5
List the prime factors of (-14236264)/(-637) + -4 + (-53)/(-13).
22349
Suppose -5*s - 2*g = -16825, -4*g - 5544 - 1210 = -2*s. What are the prime factors of s?
7, 13, 37
Suppose 16*v - 12 = 20. Suppose -2*t + 5*b = -1956, -v*b = -0*b. What are the prime factors of t?
2, 3, 163
Suppose 0 = -3*h + 2*p + 620, 5*h - 3*h - 396 = -3*p. List the prime factors of h.
2, 3, 17
Suppose 2*r + 1 = -5*j, 5*r - 2*j - 10 = r. Suppose -l = -r - 0. What are the prime factors of ((-6)/6)/(l/(-136))?
2, 17
Let k = -125 + 79. Let h(i) = -i**3 + 212. Let o be h(0). Let y = o + k. What are the prime factors of y?
2, 83
Suppose -261*q - 1508160 = -321*q. List the prime factors of q.
2, 1571
Let m(b) = 167*b**3 + 7*b**2 - 2*b - 2. Let l be m(2). Suppose 1361*v - l*v = 3975. List the prime factors of v.
5, 53
Let q(r) = -r**2 - 20*r - 18. Let p be q(0). Let o(x) = x**2 - 39*x + 46. What are the prime factors of o(p)?
2, 67
Let i(r) = 56*r**2 + 13*r - 66. List the prime factors of i(13).
3, 1063
Suppose -4*c - h = -1022 - 10182, -3*c - 2*h + 8408 = 0. List the prime factors of c.
2, 5, 7
Let u = -60 - -65. Suppose 4*s - 2*y = u*s - 98, -2*s + 172 = -4*y. What are the prime factors of s?
2, 23
List the prime factors of 4 - (-31 - 66015)/((-1)/1 + 3).
3, 101, 109
Suppose 411081 + 591363 = 15*b - 312411. What are the prime factors of b?
3, 61, 479
Suppose 0 = -6*o - 26*o + 128. Suppose 3*t = -5*z + 10*z + 2807, -4*t + o*z + 3756 = 0. List the prime factors of t.
2, 59
Suppose -2*b - 5 + 3 = 0. Let y be (-5 + 1)*(1/4 + b). Let n(t) = 26*t**2 - 5*t - 2. List the prime factors of n(y).
7, 31
Suppose 8*l + 58967 = -17*l + 847367. List the prime factors of l.
2, 3, 73
Let u be (-261)/(33/(-44)*1/8). Let y = u - 1899. List the prime factors of y.
3, 5, 59
Let i be (-1)/5 + 36/30 + 3. List the prime factors of (-60)/9*(-3)/i*26.
2, 5, 13
Suppose 0 = -4*u + 4*t + 1500, 3*t - 1143 = -2*u - u. Suppose -b = 5*a + 122, -13 + 7 = -2*a. Let p = b + u. What are the prime factors of p?
241
Let p = 12297 + 7527. What are the prime factors of p?
2, 3, 7, 59
Let f = 699 - -12323. List the prime factors of f.
2, 17, 383
Let u(r) be the second derivative of 0 + r**3 + 4*r**2 + 0*r**4 - 1/20*r**5 + 37*r. What are the prime factors of u(-5)?
103
Let w(z) = 427*z - 2913. List the prime factors of w(10).
23, 59
Suppose 73 = 4*m + 5*b - 0*b, -4*m = 4*b - 68. What are the prime factors of 6/m*-103*-16?
2, 103
Let b(c) = -c**3 - 5*c**2 + 15*c + 1. Let z be b(-7). Let m(u) = 6*u**2 + 7*u + 26. Let j be m(z). Let v = j + 24. What are the prime factors of v?
2, 7
Let r be (-38)/(-114)*-2*(-10 - 2). Suppose -23*j = -r*j - 3495. List the prime factors of j.
233
Let z be (2 + -1)*(0 + -7). Let i(d) = -5*d - 3. Let o be i(z). Suppose 30*m + 104 = o*m. What are the prime factors of m?
2, 13
Let o = -495 - -1806. What are the prime factors of o?
3, 19, 23
Suppose -75*o - 16 = -2491. Let d(r) = r**2 - 3*r + 4. Let l be d(3). Suppose l*p = 143 + o. What are the prime factors of p?
2, 11
Let z = 3315 - 2912. What are the prime factors of z?
13, 31
Let d = -968 + 857. List the prime factors of 16/(-296) + (-97020)/d.
2, 19, 23
Let z(a) = 723*a - 1584. List the prime factors of z(61).
3, 14173
Let l(i) = i**3 - 9*i**2 + 9*i + 10. Let k be l(8). Suppose -k + 27 = 3*y. Suppose 316 = y*m - m. What are the prime fa